 9, what is 0 + -30?
-30
In base 8, what is 3276 - 0?
3276
In base 16, what is -4b - -4?
-47
In base 8, what is -2550 + -3?
-2553
In base 8, what is 3 + -31?
-26
In base 4, what is 2 + -11002?
-11000
In base 14, what is 3 + -14?
-11
In base 8, what is -1 + -51?
-52
In base 11, what is 1 - 217?
-216
In base 8, what is -120 - -51?
-47
In base 3, what is -20010200 - 12?
-20010212
In base 7, what is 5 + 220?
225
In base 12, what is 1 + 1039?
103a
In base 12, what is -23 + -1?
-24
In base 15, what is 35a + -8?
352
In base 13, what is -3 + a?
7
In base 14, what is -3 - -3a8?
3a5
In base 13, what is -2798 + 5?
-2793
In base 3, what is 1201112 - -101?
1201220
In base 2, what is -100100000110 - 11?
-100100001001
In base 6, what is -1 - 222?
-223
In base 4, what is -3 + 1312?
1303
In base 8, what is -2047 + -1?
-2050
In base 14, what is -4 + 54?
50
In base 15, what is -48 - -15?
-33
In base 13, what is 1 - -114?
115
In base 5, what is -20313 + 11?
-20302
In base 6, what is -455 - -13?
-442
In base 10, what is 617 + -4?
613
In base 9, what is -47 - -3?
-44
In base 14, what is 41 - -28?
69
In base 3, what is 0 + -211122?
-211122
In base 2, what is -101 + -1010000011111?
-1010000100100
In base 15, what is 11 + 48?
59
In base 14, what is 21c + 0?
21c
In base 15, what is -37 + 11?
-26
In base 14, what is -94 + -4?
-98
In base 7, what is -53 - -2046?
1663
In base 6, what is -4 + -1022?
-1030
In base 10, what is -2 + -69?
-71
In base 8, what is 40 + 27?
67
In base 12, what is -38 - -5?
-33
In base 16, what is 4 - -521?
525
In base 15, what is 13 + 2?
15
In base 3, what is 12111000 + -1?
12110222
In base 10, what is -2 - -20?
18
In base 13, what is -7 - a0a?
-a14
In base 11, what is 32a - -22?
351
In base 10, what is -22 + -7?
-29
In base 4, what is 1122023 - 0?
1122023
In base 7, what is 5 + 6614?
6622
In base 4, what is 2132 - -1?
2133
In base 3, what is 1122 - 11020?
-2121
In base 5, what is 0 - 1202?
-1202
In base 6, what is -231152 - 1?
-231153
In base 6, what is 41 - 15?
22
In base 11, what is 8 - -388?
395
In base 15, what is -5 - 130?
-135
In base 8, what is -12345 + 0?
-12345
In base 11, what is -8 + 584?
577
In base 5, what is 240 + 14?
304
In base 2, what is -100 + -100100?
-101000
In base 9, what is -61 - -31?
-30
In base 9, what is 7206 + -1?
7205
In base 9, what is 86 + -17?
68
In base 8, what is 7 - 146?
-137
In base 10, what is -116 + 30?
-86
In base 16, what is -3 + -57d?
-580
In base 15, what is 43 + -3?
40
In base 8, what is 11 + -47?
-36
In base 12, what is -11 - 15a?
-16b
In base 16, what is 81 - 4?
7d
In base 13, what is -2 + 1b?
19
In base 3, what is -10 + 10211011?
10211001
In base 10, what is 74 + -5?
69
In base 9, what is 67 + 8?
76
In base 4, what is -1012 - 11?
-1023
In base 9, what is 3 + 234?
237
In base 11, what is a - -77?
86
In base 2, what is -10000111100011 + -10?
-10000111100101
In base 15, what is -92 + 12?
-80
In base 6, what is -12 - 102?
-114
In base 8, what is -137 + -322?
-461
In base 9, what is -3 + 70?
66
In base 2, what is -11010 + -111?
-100001
In base 2, what is -101 + 1010110?
1010001
In base 4, what is -1131322 - -11?
-1131311
In base 7, what is 6 + -106?
-100
In base 4, what is 3 + -100?
-31
In base 5, what is -2030 + 13?
-2012
In base 2, what is 1011 - 1011111?
-1010100
In base 11, what is -57 + 16?
-41
In base 9, what is 22 - 128?
-106
In base 2, what is -100 + 10000011?
1111111
In base 12, what is 3058 - 5?
3053
In base 7, what is -21 - 641?
-662
In base 3, what is -2012 - -1?
-2011
In base 8, what is -277 + 3?
-274
In base 15, what is -11 + 5c?
4b
In base 2, what is -100 - 100101001?
-100101101
In base 15, what is -71 + -16?
-87
In base 14, what is 4 - 1206?
-1202
In base 2, what is 1 - 10010101110?
-10010101101
In base 4, what is -2221 - -11?
-2210
In base 15, what is -2b + -1?
-2c
In base 4, what is -2231200 - -2?
-2231132
In base 7, what is -10013 - 0?
-10013
In base 3, what is -1 + -10000?
-10001
In base 7, what is 302 + -2?
300
In base 12, what is -546 + 5?
-541
In base 6, what is 4 - 443?
-435
In base 16, what is -cd - -5?
-c8
In base 11, what is 192 + -4?
189
In base 16, what is 0 - 1?
-1
In base 2, what is 1110111 + 1?
1111000
In base 2, what is -1011 - -111000?
101101
In base 13, what is 714a - -5?
7152
In base 4, what is 202 + -23?
113
In base 15, what is -ca7 - 2?
-ca9
In base 2, what is 11 - -111011100?
111011111
In base 2, what is -1 - 1101011101?
-1101011110
In base 6, what is -40 + 423?
343
In base 9, what is -354 + 6?
-347
In base 3, what is -1120 + 2?
-1111
In base 7, what is -130 - 4?
-134
In base 16, what is -11b - 3?
-11e
In base 8, what is 7 + -1?
6
In base 16, what is 20 - 71?
-51
In base 13, what is -1 - -a4?
a3
In base 10, what is 78 - 1?
77
In base 9, what is -1848 + 3?
-1845
In base 8, what is 50 + 14?
64
In base 6, what is 1 + 1134?
1135
In base 14, what is -4 + 1250?
124a
In base 3, what is 111 - 110220?
-110102
In base 7, what is -101 + 4?
-64
In base 3, what is -1111 - -11?
-1100
In base 15, what is -4 - -89?
85
In base 5, what is 2210 + 232?
2442
In base 8, what is 2 - 42?
-40
In base 7, what is 5 - -1203?
1211
In base 10, what is 1 - 19?
-18
In base 11, what is 889 - -3?
891
In base 15, what is -2d - 2e?
-5c
In base 2, what is 10110100 + 0?
10110100
In base 15, what is c + -a?
2
In base 14, what is -2542 + -1?
-2543
In base 4, what is 12120 + 110?
12230
In base 7, what is -3 + 142?
136
In base 6, what is 2 - -215?
221
In base 9, what is -128 - -83?
-35
In base 15, what is 61 - 7a?
-19
In base 6, what is 5 - 214?
-205
In base 10, what is 3 + -71?
-68
In base 11, what is -4562 + -5?
-4567
In base 15, what is 1 - -12?
13
In base 13, what is -2c + -33?
-62
In base 8, what is 172 - -163?
355
In base 4, what is -11 + -323?
-1000
In base 12, what is -3 + -247?
-24a
In base 2, what is 100 + 100101?
101001
In base 13, what is -500 - 5?
-505
In base 6, what is -10 - 1554?
-2004
In base 5, what is 30 - -4?
34
In base 12, what is -1a2b - 1?
-1a30
In base 13, what is -11 - bb?
-cc
In base 6, what is -24 - 24?
-52
In base 2, what is -1101 + -11111?
-101100
In base 16, what is 1a - -5?
1f
In base 6, what is 3 + -2535?
-2532
In base 5, what is 443 - 13?
430
In base 13, what is -405 - 4?
-409
In base 3, what is -222110 + 11?
-222022
In base 6, what is 110 - 1010?
-500
In base 2, what is 10110100011 - 101?
10110011110
In base 7, what is 344 - 15?
326
In base 7, what is 21616 + 1?
21620
In base 10, what is 3597 + -5?
3592
In base 2, what is -110010000001 + -11?
-110010000100
In base 15, what is -103 + 22?
-d1
In base 9, what is -1 - 1038?
-1040
In base 8, what is 176 + -6?
170
In base 16, what is -5fc + -4?
-600
In base 5, what is -232 + -311?
-1043
In base 5, what is 0 - 110?
-110
In base 14, what is -9 + -357?
-362
In base 2, what is 100 - 10010000?
-10001100
In base 4, what is 1313031 - -11?
1313102
In base 7, what is -6 + -35?
-44
In base 2, what is 1 + -1101100111?
-1101100110
In base 4, what is -3 + 132?
123
In base 12, what is -60 + 2?
-5a
In base 8, what is -37167 - -4?
-37163
In base 8, what is 3 - 1231?
-1226
In base 6, what is -4 + 133?
125
In base 4, what is -2222 + -1?
-2223
In base 6, what is 1020 - 2?
1014
In base 9, what is -182 - -4?
-177
In base 3, what is 20212202 + -12?
20212120
In base 13, what is -1219 - 3?
-121c
In base 7, what is 66124 - -1?
66125
In base 10, what is 13 + 2309?
2322
In base 8, what is -211 - -1?
-210
In base 11, what is 756 - 2?
754
In base 7, what is 416 + 3?
422
In base 7, what is 16315 + 1?
16316
In base 14, what is 5 + 5a?
61
In base 16, what is -1 + -9f?
-a0
In base 2, what is 0 - -111011010?
111011010
In base 6, what is 3131 + -4?
3123
In base 3, what is 201 - 21?
110
In base 16, what is 4 - 23?
-1f
In base 7, what is -21544 + 4?
-21540
In base 4, what is 3321 + -1?
3320
In base 15, what is 25 - 5?
20
In base 13, what is b + -526?
-518
In base 6, what is 0 - -35?
35
In base 14, what is 47 + 4c?
95
In base 4, what is 1231 + 0?
1231
In base 15, what is 345 + -2?
343
In base 9, what is 7 + -631?
-623
In base 14, what is 2a + -5?
25
In base 8, what is 51 - 3?
46
In base 2, what is -110010 - -1001?
-101001
In base 3, what is -21110210 + -2?
-21110212
In base 3, what is 10210 - 211?
2222
In base 3, what is -210 + -1?
-211
In base 15, what is -5 - 204